(-11)?
0
Let a(q) = -q + 8. Determine a(-6).
14
Let g(r) = -r**3 - 8*r - 2. Calculate g(-3).
49
Let r(k) = 92*k**2 - k. Calculate r(-1).
93
Let a(m) = -m**2 + 37*m + 217. What is a(42)?
7
Let y(v) = 4*v - 15. What is y(4)?
1
Let r(b) = -b**2 - b + 5. What is r(-8)?
-51
Let g(z) = 4*z**3 + z**2 - 3*z - 3. Give g(-2).
-25
Let n(t) = 12*t - 97. What is n(10)?
23
Let n(t) = -8*t + 79. Calculate n(10).
-1
Let l(a) = a**3 - 11*a**2 + 30*a - 25. Calculate l(6).
-25
Let o(a) = a**2 + 8*a - 5. Give o(-11).
28
Let r(i) = 24*i - 46. What is r(3)?
26
Let x(c) = c. Give x(1).
1
Let r(w) = -8*w - 28. What is r(-3)?
-4
Let k(j) = -j + 10. Determine k(6).
4
Let t(n) = -2*n**2 - 6*n + 3. Determine t(-5).
-17
Let o(u) = -17*u**2 - u + 2. Give o(1).
-16
Let z(l) = 5*l**2 - 4. Determine z(0).
-4
Let h(s) = 2*s**2 - 19*s + 42. Determine h(8).
18
Let q(c) = c**2 + 8*c + 17. Calculate q(-5).
2
Let d(j) = -3*j**2 - 48*j + 45. What is d(-17)?
-6
Let u(i) = -i**3 - 7*i**2 + 3*i + 22. Give u(-7).
1
Let a(y) = 2*y**2 + 25*y - 14. Give a(-13).
-1
Let q(y) = y**2 + 14*y - 57. Give q(3).
-6
Let a(b) = -b**3 + 2*b**2 - 4. What is a(2)?
-4
Let z(p) = -p**2 + 12*p - 8. Calculate z(8).
24
Let f(p) = -7*p - 102. Determine f(-15).
3
Let y(n) = n**2 + 11*n + 12. Calculate y(-3).
-12
Let i(z) = z**3 + 10*z**2 + 5. Give i(-10).
5
Let g(z) = -z**2 - 10*z - 28. Calculate g(-7).
-7
Let o(k) = 3*k**2 + 2*k - 100. What is o(-6)?
-4
Let l(h) = h**2 + 6*h - 2. What is l(-5)?
-7
Let b(a) = -7*a**2 + 22*a + 1. What is b(3)?
4
Let c(f) = f**2 + 11*f + 25. Calculate c(-8).
1
Let h(r) = -r**3 + 16*r**2 - 13*r - 20. Determine h(15).
10
Let a(u) = -8*u**2 + 2*u + 1. Give a(-1).
-9
Let i(n) = n**3 - 10*n**2 - 54*n - 32. Determine i(14).
-4
Let p(b) = b**3 - 6*b**2 + 4*b. Calculate p(5).
-5
Let a(t) = t**2 + 9*t - 7. What is a(-8)?
-15
Let y(s) = -s**3 - 12*s**2 - 9*s + 17. Calculate y(-11).
-5
Let b(i) = i**2 + 2*i - 4. What is b(-4)?
4
Let d(p) = -50*p - 3. Determine d(-1).
47
Let r(v) = -v**2 + 2*v + 97. What is r(0)?
97
Let z(b) = 5*b**2 + 2*b - 2. What is z(1)?
5
Let k(p) = 2*p + 41. What is k(-20)?
1
Let c(f) = -f**3 + 22*f**2 + 56*f - 1. Give c(-3).
56
Let b(s) = 2*s - 6. Give b(7).
8
Let z(d) = 3*d**2 + 11*d + 4. What is z(-4)?
8
Let d(k) = -68*k**2 + 2*k + 3. What is d(-1)?
-67
Let n(p) = p**3 - 9*p**2 + 8*p + 6. Give n(8).
6
Let c(x) = -x**3 + 11*x**2 + 10*x - 6. What is c(12)?
-30
Let r(l) = -l**2 - 9*l - 2. Calculate r(-6).
16
Let p(m) = m**2 - 12*m + 60. What is p(13)?
73
Let a(f) = -4*f - 62. Determine a(-6).
-38
Let x(r) = -3*r**2 + 19*r + 58. Determine x(10).
-52
Let h(q) = 9*q + 31. Calculate h(5).
76
Let n(u) = 5*u - 27. Determine n(4).
-7
Let z(l) = 6*l - 4. Give z(-2).
-16
Let y(w) = w + 4. Give y(18).
22
Let q(o) = o - 9. What is q(4)?
-5
Let p(r) = -26*r - 174. Give p(-7).
8
Let x(q) = q + 3. Give x(6).
9
Let s(x) = -x**2 + 24*x - 1. Give s(25).
-26
Let f(t) = -t - 49. Give f(0).
-49
Let b(w) = -5*w**3 - 3*w**2 - 4*w + 10. What is b(2)?
-50
Let s(i) = i**3 + 2*i**2 - 48*i - 179. What is s(-4)?
-19
Let x(q) = q - 9. What is x(2)?
-7
Let l(m) = -357*m + 1792. Determine l(5).
7
Let o(x) = 2*x**2 - 4*x - 3. Determine o(4).
13
Let v(w) = w**3 + 6*w**2 + 7*w. Calculate v(-5).
-10
Let d(x) = x**3 + 22*x**2 + 58*x - 17. Calculate d(-19).
-36
Let i(k) = -3*k - 22. Determine i(-11).
11
Let n(m) = 5*m - 99. Determine n(19).
-4
Let t(r) = -r - 28. Calculate t(-16).
-12
Let n(v) = -v - 6. Calculate n(3).
-9
Let n(w) = w + 15. What is n(-5)?
10
Let d(y) = -2*y - 48. What is d(-15)?
-18
Let f(s) = 7*s - 3. What is f(5)?
32
Let r(b) = b**2 + 6*b - 54. Calculate r(4).
-14
Let g(o) = 8*o**2 - 39*o - 10. Give g(5).
-5
Let g(a) = -10*a + 6. Determine g(-1).
16
Let c(b) = -b**3 + 22*b**2 - 82*b - 38. Determine c(17).
13
Let w(j) = j**3 + 2*j**2 - 4*j + 5. Calculate w(-4).
-11
Let n(l) = -l**2 + 1. Give n(1).
0
Let g(x) = x**3 + 7*x**2 + 6*x + 3. Give g(-6).
3
Let t(n) = n**3 + 9*n**2 + 5*n - 8. Determine t(-8).
16
Let t(f) = -f**3 - 6*f**2 - 7*f - 3. Determine t(-2).
-5
Let i(f) = f**3 - 2*f**2 - 36*f + 5. Determine i(7).
-2
Let h(f) = 3*f**2 + 37*f + 5. What is h(-12)?
-7
Let n(m) = m**3 - 12*m**2 - 12*m. Determine n(13).
13
Let w(g) = -11*g + 6. Calculate w(3).
-27
Let d(w) = w**3 - 10*w**2 + 21*w - 5. Determine d(7).
-5
Let r(z) = z**3 + 8*z**2 + 5*z - 6. Calculate r(-6).
36
Let x(k) = -k**2 + 27*k + 32. Give x(32).
-128
Let h(m) = -m**3 + 7*m**2 - 10. Calculate h(7).
-10
Let y(h) = h**2 - 8*h - 6. Calculate y(7).
-13
Let f(l) = -3*l + 30. Calculate f(8).
6
Let m(b) = -b**3 + 12*b**2 + b - 13. Give m(12).
-1
Let k(a) = 3*a - 7. Give k(22).
59
Let s(c) = c**3 + 14*c**2 + 9*c - 40. What is s(-13)?
12
Let m(p) = 6*p + 5. Give m(8).
53
Let i(g) = -3*g - 12. Give i(0).
-12
Let l(u) = -u**2 - 26*u - 31. Calculate l(-25).
-6
Let i(p) = p**3 - p**2 - 12*p - 24. Give i(-3).
-24
Let d(w) = -w**2 + 4. Calculate d(-3).
-5
Let n(r) = -5*r - 25. Calculate n(-4).
-5
Let f(x) = x**3 + 15*x**2 + 28*x - 11. What is f(-12)?
85
Let f(z) = z**2 - 7*z - 26. What is f(9)?
-8
Let p(b) = b**3 + 6*b**2 - 8*b + 6. Determine p(-8).
-58
Let l(a) = a**2 + 2*a - 51. Calculate l(-7).
-16
Let f(s) = s**2 + 13*s + 16. Calculate f(-16).
64
Let i(w) = w**2 + 13*w + 24. Determine i(-6).
-18
Let y(m) = 2*m**2 - 10*m + 2. What is y(4)?
-6
Let w(g) = 2*g**2 + 18*g + 21. What is w(-6)?
-15
Let n(d) = -d**2 + 7*d + 97. Determine n(14).
-1
Let x(t) = -t**2 - 4*t + 27. What is x(4)?
-5
Let c(h) = -h + 1. Determine c(5).
-4
Let z(f) = -f**2 - f. Calculate z(-2).
-2
Let j(o) = 9*o + 41. Determine j(0).
41
Let z(v) = -v**3 + 6*v**2 + 6*v + 2. Calculate z(7).
-5
Let h(z) = -2*z**3 - 5*z**2 - 2*z - 5. Calculate h(-4).
51
Let o(d) = d**2 - 51*d + 55. Give o(50).
5
Let c(k) = -8*k + 167. Calculate c(21).
-1
Let z(p) = -p + 22. Give z(27).
-5
Let o(h) = -2*h + 10. What is o(14)?
-18
Let m(u) = -u**2 + 14*u - 10. What is m(15)?
-25
Let l(x) = x**2 + 17*x - 27. Calculate l(-16).
-43
Let f(u) = 3*u. Determine f(-10).
-30
Let u(d) = 93*d**2 - 3*d - 2. Determine u(-1).
94
Let w(y) = 40*y + 129. What is w(-3)?
9
Let y(f) = -2*f**3 + 6*f**2 - 6*f - 1. Calculate y(5).
-131
Let v(s) = -s**3 + 6*s**2 + 8*s - 9. Give v(6).
39
Let u(a) = 15*a + 240. Determine u(-16).
0
Let a(w) = -w**3 - 9*w**2 - 19*w - 26. Give a(-7).
9
Let t(y) = 6*y - 28. What is t(4)?
-4
Let q(j) = -j**3 - 4*j**2 + 1. Calculate q(-4).
1
Let y(s) = s**2 + s - 3. Calculate y(0).
-3
Let u(t) = -t**3 + 4*t**2 + 18*t - 31. Calculate u(6).
5
Let k(v) = 4*v**2 - 64*v + 119. Determine k(14).
7
Let f(x) = 4*x - 50. What is f(11)?
-6
Let o(c) = -5*c**2 + 192*c - 80. Determine o(38).
-4
Let k(i) = 2*i**3 + 2*i**2 + 3*i. Determine k(-2).
-14
Let c(p) = -3*p - 29. Calculate c(-10).
1
Let c(r) = -4*r**3 - 2*r**2. Give c(1).
-6
Let r(i) = -6*i**2 + 9*i + 4. Calculate r(2).
-2
Let d(b) = b**2 + 19*b - 14. What is d(-20)?
6
Let a(i) = i**2 - 7*i + 3. Give a(3).
-9
Let c(i) = -4*i + 21. Determine c(5).
1
Let j(u) = -9*u + 92. What is j(10)?
2
Let y(a) = -5*a - 3. What is y(2)?
-13
Let c(t) = -7*t**2 + 30*t - 5. Give c(4).
3
Let y(c) = 2*c**2 + 4*c - 5. Determine y(-3).
1
Let k(x) = -2*x + 25. Determine k(6).
13
Let s(v) = -10*v**2 - 4*v - 5. Calculate s(-3).
-83
Let h(k) = k + 36. Determine h(-17).
19
Let m(c) = 2*c**3 + c**2 - 2*c + 2. What is m(2)?
18
Let h(i) = -i**3 - 4*i**2 + 3*i + 3. What is h(-4)?
-9
Let f(d) = -d**2 + 6*d + 17. What is f(8)?
1
Let r(i) = i**3 - 3*i**2 - 6*i + 16. Calculate r(3).
-2
Let r(b) = -5*b + 10. Determine r(-7).
45
Let k(g) = -2*g - 3. Calculate k(2).
-7
Let f(g) = -35*g + 267. What is f(8)?
-13
Let z(p) = -p + 22. Determine z(23).
-1
Let i(s) = -s**2 - 5*s + 201. Calculate i(11).
25
Let m(f) = -3*f**2 - 29*f - 16. Give m(-9).
2
Let a(o) = -o**2 - 2*o - 5. What is a(-5)?
-20
Let w(c) = -c**3 - 2*c + 9. Give w(5).
-126
Let f(d) = d**2 - 2*d. What is f(4)?
8
Let t(g) = -6*g + 4. Determine t(6).
-32
Let f(r) = 10*r - 1. What is f(-1)?
-11
Let r(l) = 2*l**3 - 19*l**2 + 7*l + 11. Calculate r(9).
-7
Let h(b) = -b**2 - b + 14. Give h(-4).
2
Let y(l) = 2*l**3 - 2*l**2 - l + 3. Determine y(-2).
-19
Let m(c) = c**2 - 1. Determine m(-2).
3
Let k(f) = f**3 + 3*f**2 - 3*f + 2. Determine k(-5).
-33
Let x(v) = v - 16. What is x(6)?
-10
Let n(h) = -h**3 + 7*h**2 - 6*h + 11. What is 